{"id":527,"date":"2024-02-13T07:11:07","date_gmt":"2024-02-13T06:11:07","guid":{"rendered":"https:\/\/reposteriaesmeralda.com\/?post_type=product&#038;p=527"},"modified":"2026-02-11T22:18:32","modified_gmt":"2026-02-11T21:18:32","slug":"desayuno-sorpresa-apodaca","status":"publish","type":"product","link":"https:\/\/reposteriaesmeralda.com\/index.php\/product\/desayuno-sorpresa-apodaca\/","title":{"rendered":"Desayuno sorpresa"},"content":{"rendered":"<p>Env\u00eda un delicioso desayuno y sorprende con lo siguiente:<\/p>\n<ul>\n<li>1 Cuernito con jam\u00f3n y queso \u00f3 sandwich.<\/li>\n<li>1 Leche Santa Clara caf\u00e9, chocolate o sabor fresa.<\/li>\n<li>1 Carlota de lim\u00f3n, fresas o pl\u00e1tano<\/li>\n<li>1 Pastel sabor vainilla, relleno de fresa, decorado con bet\u00fan de mantequilla y texto: &#8220;Felicidades&#8221;<\/li>\n<li>1 Chocolate Carlos V Stick<\/li>\n<li>1 Imagen relacionada a la tem\u00e1tica que elijas. Tambi\u00e9n nos puedes enviar una imagen personalizada al menos 2 d\u00edas antes en forma rectangular.<\/li>\n<li>Se entrega en caja Kraft cerrada con list\u00f3n, lo decoramos con color seg\u00fan la tem\u00e1tica.<br \/>\nCosto $300 pesos<br \/>\nEntregamos a domicilio (costo extra) y en nuestras sucursales:<br \/>\n\ud83d\udccd Apodaca Centro:<br \/>\nCalle Mariano Matamoros #312A, Apodaca Centro, 66600, Cdad. Apodaca, N. L. Entre Jos\u00e9 Mar\u00eda Morelos y Pav\u00f3n y 5 de Mayo<br \/>\nhttps:\/\/maps.app.goo.gl\/3yFGEYzH5hDXW7Zy8<br \/>\nHorario de 10 a 6PM\ud83d\udccdMetroplex:<br \/>\nCalle N19, C. E Sexta 469, Metroplex II, 66612 Cdad. Apodaca, N.L.<br \/>\nhttps:\/\/maps.app.goo.gl\/NLpWNkQj42mXDTFT6<br \/>\nHorario de 12 a 8PM<\/p>\n<p>Revisa disponibilidad y agenda mediante \ud83d\udcf2 WhatsApp al 8186044627<\/li>\n<\/ul>\n","protected":false},"excerpt":{"rendered":"<p>Env\u00edale un desayuno sorpresa a esa persona especial. Incluimos un cuernito, postres, chocolates y un pastel delicioso.<\/p>\n","protected":false},"featured_media":976,"comment_status":"open","ping_status":"closed","template":"","meta":{"jetpack_publicize_message":"","jetpack_is_tweetstorm":false,"jetpack_publicize_feature_enabled":true,"jetpack_social_post_already_shared":true,"jetpack_social_options":{"image_generator_settings":{"template":"highway","enabled":false}}},"product_cat":[15,92,89,90,88,91,33,93,129,29,148],"product_tag":[106,146,23,24,37,25,145,27,125,38,147,21,22,28,144],"class_list":["post-527","product","type-product","status-publish","has-post-thumbnail","hentry","product_cat-desayuno-sorpresa","product_cat-ds-amor","product_cat-ds-dia-de-las-madres","product_cat-ds-dia-del-padre","product_cat-ds-feliz-cumpleanos","product_cat-ds-graduacion","product_cat-ocasiones","product_cat-ds-personalizado","product_cat-postres-de-obsequio","product_cat-regalos","product_cat-san-valentin-2024","product_tag-amor","product_tag-apodaca","product_tag-desayuno","product_tag-desayuno-sorpresa","product_tag-dia-de-las-madres","product_tag-envio-a-domicilio","product_tag-feliz-san-valentin","product_tag-globos","product_tag-love","product_tag-mama","product_tag-nuevo-leon","product_tag-pastel","product_tag-postre","product_tag-regalos","product_tag-san-valentin"],"jetpack_publicize_connections":[],"aioseo_notices":[],"_links":{"self":[{"href":"https:\/\/reposteriaesmeralda.com\/index.php\/wp-json\/wp\/v2\/product\/527","targetHints":{"allow":["GET"]}}],"collection":[{"href":"https:\/\/reposteriaesmeralda.com\/index.php\/wp-json\/wp\/v2\/product"}],"about":[{"href":"https:\/\/reposteriaesmeralda.com\/index.php\/wp-json\/wp\/v2\/types\/product"}],"replies":[{"embeddable":true,"href":"https:\/\/reposteriaesmeralda.com\/index.php\/wp-json\/wp\/v2\/comments?post=527"}],"wp:featuredmedia":[{"embeddable":true,"href":"https:\/\/reposteriaesmeralda.com\/index.php\/wp-json\/wp\/v2\/media\/976"}],"wp:attachment":[{"href":"https:\/\/reposteriaesmeralda.com\/index.php\/wp-json\/wp\/v2\/media?parent=527"}],"wp:term":[{"taxonomy":"product_cat","embeddable":true,"href":"https:\/\/reposteriaesmeralda.com\/index.php\/wp-json\/wp\/v2\/product_cat?post=527"},{"taxonomy":"product_tag","embeddable":true,"href":"https:\/\/reposteriaesmeralda.com\/index.php\/wp-json\/wp\/v2\/product_tag?post=527"}],"curies":[{"name":"wp","href":"https:\/\/api.w.org\/{rel}","templated":true}]}}