{"id":347,"date":"2023-12-03T23:25:54","date_gmt":"2023-12-03T22:25:54","guid":{"rendered":"https:\/\/reposteriaesmeralda.com\/?post_type=product&#038;p=347"},"modified":"2023-12-03T23:35:40","modified_gmt":"2023-12-03T22:35:40","slug":"brownie-pino-navidad","status":"publish","type":"product","link":"https:\/\/reposteriaesmeralda.com\/index.php\/product\/brownie-pino-navidad\/","title":{"rendered":"Brownie Pino Navidad"},"content":{"rendered":"<p>Delicioso Brownie en forma de pino navide\u00f1o.<\/p>\n<p>Decoraciones comestibles, pide la decoraci\u00f3n con un list\u00f3n rojo para darle un toque m\u00e1s bonito.<\/p>\n","protected":false},"excerpt":{"rendered":"<p>Regala este lindo postre, listo para regalar, sin envoltura extra.<\/p>\n<p>&nbsp;<\/p>\n","protected":false},"featured_media":349,"comment_status":"open","ping_status":"closed","template":"","meta":{"jetpack_publicize_message":"","jetpack_is_tweetstorm":false,"jetpack_publicize_feature_enabled":true,"jetpack_social_post_already_shared":true,"jetpack_social_options":{"image_generator_settings":{"template":"highway","enabled":false}}},"product_cat":[139,29,32],"product_tag":[140,25,27,116,21,22,28],"class_list":["post-347","product","type-product","status-publish","has-post-thumbnail","hentry","product_cat-navidad-2023","product_cat-regalos","product_cat-regalos-corporativos","product_tag-brownie","product_tag-envio-a-domicilio","product_tag-globos","product_tag-navidad","product_tag-pastel","product_tag-postre","product_tag-regalos"],"jetpack_publicize_connections":[],"aioseo_notices":[],"_links":{"self":[{"href":"https:\/\/reposteriaesmeralda.com\/index.php\/wp-json\/wp\/v2\/product\/347","targetHints":{"allow":["GET"]}}],"collection":[{"href":"https:\/\/reposteriaesmeralda.com\/index.php\/wp-json\/wp\/v2\/product"}],"about":[{"href":"https:\/\/reposteriaesmeralda.com\/index.php\/wp-json\/wp\/v2\/types\/product"}],"replies":[{"embeddable":true,"href":"https:\/\/reposteriaesmeralda.com\/index.php\/wp-json\/wp\/v2\/comments?post=347"}],"wp:featuredmedia":[{"embeddable":true,"href":"https:\/\/reposteriaesmeralda.com\/index.php\/wp-json\/wp\/v2\/media\/349"}],"wp:attachment":[{"href":"https:\/\/reposteriaesmeralda.com\/index.php\/wp-json\/wp\/v2\/media?parent=347"}],"wp:term":[{"taxonomy":"product_cat","embeddable":true,"href":"https:\/\/reposteriaesmeralda.com\/index.php\/wp-json\/wp\/v2\/product_cat?post=347"},{"taxonomy":"product_tag","embeddable":true,"href":"https:\/\/reposteriaesmeralda.com\/index.php\/wp-json\/wp\/v2\/product_tag?post=347"}],"curies":[{"name":"wp","href":"https:\/\/api.w.org\/{rel}","templated":true}]}}