{"id":95,"date":"2023-10-13T00:00:17","date_gmt":"2023-10-12T22:00:17","guid":{"rendered":"https:\/\/reposteriaesmeralda.com\/?page_id=95"},"modified":"2024-01-26T08:43:07","modified_gmt":"2024-01-26T07:43:07","slug":"preguntas-frecuentes","status":"publish","type":"page","link":"https:\/\/reposteriaesmeralda.com\/index.php\/preguntas-frecuentes\/","title":{"rendered":"Preguntas Frecuentes"},"content":{"rendered":"\n<h2 class=\"wp-block-heading\">Preguntas Frecuentes<\/h2>\n\n\n\n<div class=\"wp-block-group alignwide has-secondary-color has-text-color is-vertical is-layout-flex wp-container-core-group-is-layout-fe9cc265 wp-block-group-is-layout-flex\">\n<p class=\"has-small-font-size\"><strong><strong>\u00bfCuentan con servicio a domicilio?<\/strong><br><\/strong>Env\u00edos a domicilio aplica en los municipios de Apodaca, Monterrey, San Nicol\u00e1s de los Garza, Escobedo, Guadalupe, Salinas y Ju\u00e1rez.<strong><br><br>\u00bfManejan entregas a otros estados?<\/strong><br>No, s\u00f3lo en algunos municipios de Nuevo Le\u00f3n.<br><br> <strong>\u00bfTienen espacio para comer adentro de la tienda?<\/strong><br>Si, solo en Sucursal Concordia, recuerda visitarnos de Lunes a Viernes de 12 a 8PM todos los d\u00edas.<br><br><strong>\u00bfCuentan con servicio Pick and Go?<\/strong><br>Si, en las dos sucursales: Concordia y Metroplex, cont\u00e1ctanos v\u00eda WhatsApp.<br><br><strong>\u00bfCu\u00e1les son las Formas de pago?<\/strong><br>Transferencia, dep\u00f3sito, tienda en L\u00ednea y directamente en sucursal Metroplex con tarjetas de d\u00e9bido y cr\u00e9dito.<\/p>\n\n\n\n<p><strong>\u00bfSe puede pagar con Bonos?<\/strong><br>El pago con tarjetas de bonos, es directamente en sucursal Metroplex.<\/p>\n\n\n\n<p class=\"has-primary-color has-text-color has-link-color wp-elements-64161f9817856c7922d5b6ee4c22dc23\"><strong>\u00bfA qu\u00e9 lugares pueden entregar?<\/strong><br>Realizamos entregas en casas, oficinas, parques industriales, escuelas, hospitales, hoteles, centros comerciales y restaurantes. Para hacer posible la entrega es muy importante que nos proporciones todos los datos que se pidan al momento de llenar la informaci\u00f3n del destinatario cuando est\u00e9s colocando tu orden y que incluyas referencias exactas de entrega para agilizar el proceso.<\/p>\n\n\n\n<p><strong>\u00bfQu\u00e9 horarios de entrega manejan?<\/strong><br>Pedidos programados desde las 7am hasta las 11pm. Productos en stock, todos los d\u00edas de 12 a 8pm.<\/p>\n\n\n\n<p class=\"has-primary-color has-text-color has-link-color wp-elements-bb2f8e6fd319d6eb8bea8c8ddd258c82\"><strong>\u00bfRealizan entregar en d\u00edas feriados o festivos?<br><\/strong>Si, seg\u00fan la programaci\u00f3n de entrega. En algunos horarios no tenemos servicio de entrega inmediata, cont\u00e1ctanos v\u00eda WhatsApp para m\u00e1s detalles y coordinaci\u00f3n.<\/p>\n\n\n\n<p><strong>\u00bfPuedo solicitar factura?<\/strong><br>Si, solo agrega el 16% de IVA.<\/p>\n\n\n\n<p><strong>\u00bfA d\u00f3nde puedo solicitar la factura?<\/strong><br>Comp\u00e1rtenos la Constancia de Situaci\u00f3n Fiscal actualizada al correo <a href=\"mailto:ventas@reposteriaesmeralda.com.mx\" title=\"Solicita tu factura\">ventas@reposteriaesmeralda.com.mx<\/a><br>Tambi\u00e9n puedes solicitarla v\u00eda WhatsApp al 8186044627.<\/p>\n\n\n\n<p><strong>\u00bfExiste alguna cuenta de correo electr\u00f3nico para informes?<\/strong><br>Si, <a href=\"mailto:info@reposteriaesmeralda.com.mx\" title=\"info@reposteriaesmeralda.com.mx\">info@reposteriaesmeralda.com.mx<\/a><\/p>\n\n\n\n<p><strong>\u00bfPuedo realizar la compra de un pastel personalizado?<\/strong><br>S\u00ed, env\u00edanos la informaci\u00f3n a <a href=\"mailto:ventas@reposteriaesmeralda.com.mx\" title=\"ventas@reposteriaesmeralda.com.mx\">ventas@reposteriaesmeralda.com.mx<\/a><\/p>\n\n\n\n<p class=\"has-primary-color has-text-color has-link-color wp-elements-98c77fcbaacf3ee0c9c832643968eb54\"><strong>\u00bfCon cu\u00e1nto tiempo de anticipaci\u00f3n puedo pedir alg\u00fan pastel, postre o arreglo personalizado?<\/strong><br>Al menos 4 d\u00edas h\u00e1biles.<\/p>\n\n\n\n<p class=\"has-text-align-left\"><strong>\u00bfManejan el servicio de frapp\u00e9s en empresas o eventos privados?<\/strong><br>Si, llena el formulario para compartirte informaci\u00f3n.<\/p>\n<\/div>\n","protected":false},"excerpt":{"rendered":"<p>Preguntas Frecuentes \u00bfCuentan con servicio a domicilio?Env\u00edos a domicilio aplica en los municipios de Apodaca, Monterrey, San Nicol\u00e1s de los Garza, Escobedo, Guadalupe, Salinas y Ju\u00e1rez. \u00bfManejan entregas a otros estados?No, s\u00f3lo en algunos municipios de Nuevo Le\u00f3n. \u00bfTienen espacio para comer adentro de la tienda?Si, solo en Sucursal Concordia, recuerda visitarnos de Lunes a [&hellip;]<\/p>\n","protected":false},"author":1,"featured_media":0,"parent":0,"menu_order":0,"comment_status":"closed","ping_status":"closed","template":"blank","meta":{"footnotes":""},"class_list":["post-95","page","type-page","status-publish","hentry"],"aioseo_notices":[],"_links":{"self":[{"href":"https:\/\/reposteriaesmeralda.com\/index.php\/wp-json\/wp\/v2\/pages\/95","targetHints":{"allow":["GET"]}}],"collection":[{"href":"https:\/\/reposteriaesmeralda.com\/index.php\/wp-json\/wp\/v2\/pages"}],"about":[{"href":"https:\/\/reposteriaesmeralda.com\/index.php\/wp-json\/wp\/v2\/types\/page"}],"author":[{"embeddable":true,"href":"https:\/\/reposteriaesmeralda.com\/index.php\/wp-json\/wp\/v2\/users\/1"}],"replies":[{"embeddable":true,"href":"https:\/\/reposteriaesmeralda.com\/index.php\/wp-json\/wp\/v2\/comments?post=95"}],"version-history":[{"count":4,"href":"https:\/\/reposteriaesmeralda.com\/index.php\/wp-json\/wp\/v2\/pages\/95\/revisions"}],"predecessor-version":[{"id":426,"href":"https:\/\/reposteriaesmeralda.com\/index.php\/wp-json\/wp\/v2\/pages\/95\/revisions\/426"}],"wp:attachment":[{"href":"https:\/\/reposteriaesmeralda.com\/index.php\/wp-json\/wp\/v2\/media?parent=95"}],"curies":[{"name":"wp","href":"https:\/\/api.w.org\/{rel}","templated":true}]}}